 prime factors of 207.
3, 23
What are the prime factors of 841?
29
List the prime factors of 4181.
37, 113
What are the prime factors of 13087?
23, 569
What are the prime factors of 4911?
3, 1637
List the prime factors of 1221.
3, 11, 37
What are the prime factors of 26642?
2, 7, 11, 173
List the prime factors of 555.
3, 5, 37
List the prime factors of 34220.
2, 5, 29, 59
What are the prime factors of 11943?
3, 1327
List the prime factors of 163.
163
What are the prime factors of 20156?
2, 5039
List the prime factors of 810.
2, 3, 5
What are the prime factors of 1720?
2, 5, 43
What are the prime factors of 17721?
3, 11, 179
What are the prime factors of 104025?
3, 5, 19, 73
List the prime factors of 191709.
3, 7, 17, 179
List the prime factors of 109263.
3, 7, 11, 43
What are the prime factors of 5238?
2, 3, 97
What are the prime factors of 5783?
5783
What are the prime factors of 18236?
2, 47, 97
What are the prime factors of 26477?
11, 29, 83
List the prime factors of 7236.
2, 3, 67
What are the prime factors of 197?
197
List the prime factors of 8520.
2, 3, 5, 71
What are the prime factors of 71117?
19, 197
List the prime factors of 418.
2, 11, 19
What are the prime factors of 324?
2, 3
What are the prime factors of 65290?
2, 5, 6529
List the prime factors of 491.
491
List the prime factors of 1110.
2, 3, 5, 37
List the prime factors of 35977.
35977
List the prime factors of 32324.
2, 8081
List the prime factors of 4733.
4733
List the prime factors of 141604.
2, 35401
List the prime factors of 8227.
19, 433
What are the prime factors of 149942?
2, 13, 73, 79
What are the prime factors of 3935?
5, 787
What are the prime factors of 1772?
2, 443
List the prime factors of 42.
2, 3, 7
What are the prime factors of 2218?
2, 1109
What are the prime factors of 10011?
3, 47, 71
What are the prime factors of 27389?
61, 449
What are the prime factors of 788?
2, 197
What are the prime factors of 1528?
2, 191
List the prime factors of 2534.
2, 7, 181
List the prime factors of 661.
661
What are the prime factors of 2870?
2, 5, 7, 41
List the prime factors of 4268.
2, 11, 97
List the prime factors of 20641.
20641
What are the prime factors of 1448?
2, 181
What are the prime factors of 4246?
2, 11, 193
List the prime factors of 3845.
5, 769
What are the prime factors of 3632?
2, 227
List the prime factors of 1780.
2, 5, 89
List the prime factors of 47168.
2, 11, 67
What are the prime factors of 51406?
2, 25703
List the prime factors of 19836.
2, 3, 19, 29
List the prime factors of 11570.
2, 5, 13, 89
List the prime factors of 10277.
43, 239
List the prime factors of 5487.
3, 31, 59
What are the prime factors of 34555?
5, 6911
List the prime factors of 25741.
25741
What are the prime factors of 1092?
2, 3, 7, 13
List the prime factors of 3269.
7, 467
List the prime factors of 754.
2, 13, 29
List the prime factors of 876.
2, 3, 73
What are the prime factors of 1242?
2, 3, 23
What are the prime factors of 2987?
29, 103
What are the prime factors of 19277?
37, 521
List the prime factors of 39384.
2, 3, 547
List the prime factors of 22514.
2, 11257
List the prime factors of 1847.
1847
What are the prime factors of 839?
839
List the prime factors of 1113.
3, 7, 53
What are the prime factors of 143838?
2, 3, 61, 131
What are the prime factors of 62238?
2, 3, 11, 23, 41
List the prime factors of 2037.
3, 7, 97
List the prime factors of 1089.
3, 11
What are the prime factors of 48204?
2, 3, 13, 103
What are the prime factors of 48574?
2, 149, 163
List the prime factors of 7980.
2, 3, 5, 7, 19
List the prime factors of 753.
3, 251
What are the prime factors of 9751?
7, 199
List the prime factors of 2253.
3, 751
List the prime factors of 1113.
3, 7, 53
What are the prime factors of 1368?
2, 3, 19
What are the prime factors of 36159?
3, 17, 709
List the prime factors of 8356.
2, 2089
What are the prime factors of 17869?
107, 167
List the prime factors of 2285.
5, 457
What are the prime factors of 72?
2, 3
List the prime factors of 15007.
43, 349
What are the prime factors of 46195?
5, 9239
List the prime factors of 66575.
5, 2663
What are the prime factors of 6295?
5, 1259
List the prime factors of 23897.
23, 1039
What are the prime factors of 2410?
2, 5, 241
What are the prime factors of 825?
3, 5, 11
List the prime factors of 6482.
2, 7, 463
List the prime factors of 13891.
29, 479
List the prime factors of 72150.
2, 3, 5, 13, 37
List the prime factors of 27562.
2, 13781
What are the prime factors of 6974?
2, 11, 317
List the prime factors of 49547.
49547
What are the prime factors of 459?
3, 17
List the prime factors of 2939.
2939
List the prime factors of 64344.
2, 3, 7, 383
List the prime factors of 1587.
3, 23
List the prime factors of 107037.
3, 7, 1699
List the prime factors of 747.
3, 83
List the prime factors of 8924.
2, 23, 97
List the prime factors of 952.
2, 7, 17
List the prime factors of 3142.
2, 1571
What are the prime factors of 529?
23
List the prime factors of 4318.
2, 17, 127
What are the prime factors of 2987?
29, 103
List the prime factors of 21382.
2, 10691
List the prime factors of 2706.
2, 3, 11, 41
List the prime factors of 23239.
17, 1367
List the prime factors of 61627.
61627
What are the prime factors of 463?
463
List the prime factors of 1913.
1913
List the prime factors of 14961.
3, 4987
What are the prime factors of 45572?
2, 11393
What are the prime factors of 532?
2, 7, 19
List the prime factors of 1165.
5, 233
List the prime factors of 3800.
2, 5, 19
What are the prime factors of 125?
5
What are the prime factors of 1033?
1033
List the prime factors of 9882.
2, 3, 61
List the prime factors of 139.
139
List the prime factors of 51683.
51683
What are the prime factors of 5078?
2, 2539
List the prime factors of 96495.
3, 5, 7, 919
List the prime factors of 11868.
2, 3, 23, 43
List the prime factors of 108.
2, 3
List the prime factors of 58578.
2, 3, 13, 751
What are the prime factors of 3?
3
List the prime factors of 1384.
2, 173
List the prime factors of 18212.
2, 29, 157
What are the prime factors of 1354?
2, 677
What are the prime factors of 81093?
3, 27031
What are the prime factors of 359?
359
What are the prime factors of 14002?
2, 7001
List the prime factors of 11973.
3, 13, 307
List the prime factors of 4999.
4999
List the prime factors of 12970.
2, 5, 1297
List the prime factors of 5041.
71
List the prime factors of 57347.
57347
List the prime factors of 7760.
2, 5, 97
List the prime factors of 65417.
11, 19, 313
List the prime factors of 18904.
2, 17, 139
List the prime factors of 32697.
3, 7, 173
List the prime factors of 4253.
4253
What are the prime factors of 4896?
2, 3, 17
List the prime factors of 1235.
5, 13, 19
What are the prime factors of 49138?
2, 79, 311
What are the prime factors of 110150?
2, 5, 2203
List the prime factors of 338.
2, 13
What are the prime factors of 2660?
2, 5, 7, 19
List the prime factors of 11767.
7, 41
What are the prime factors of 1937?
13, 149
List the prime factors of 7598.
2, 29, 131
List the prime factors of 1301.
1301
What are the prime factors of 4853?
23, 211
List the prime factors of 22060.
2, 5, 1103
List the prime factors of 54906.
2, 3, 9151
What are the prime factors of 673?
673
List the prime factors of 8236.
2, 29, 71
What are the prime factors of 32718?
2, 3, 7, 19, 41
What are the prime factors of 1106?
2, 7, 79
List the prime factors of 252.
2, 3, 7
List the prime factors of 6139.
7, 877
What are the prime factors of 20341?
20341
List the prime factors of 4933.
4933
List the prime factors of 1350.
2, 3, 5
List the prime factors of 607.
607
What are the prime factors of 28010?
2, 5, 2801
List the prime factors of 8092.
2, 7, 17
List the prime factors of 48249.
3, 1787
List the prime factors of 861.
3, 7, 41
List the prime factors of 46782.
2, 3, 23, 113
What are the prime factors of 1517?
37, 41
What are the prime factors of 13204?
2, 3301
What are the prime factors of 799?
17, 47
List the prime factors of 18760.
2, 5, 7, 67
What are the prime factors of 4271?
4271
What are the prime factors of 68276?
2, 13, 101
List the prime factors of 37205.
5, 7, 1063
What are the prime factors of 7865?
5, 11, 13
What are the prime factors of 57486?
2, 3, 11, 13, 67
List the prime fac